7 - -23 - -10.
1
Calculate -9 + 0 + (-19 + 34 - -30) + -17.
19
What is (1 + -6 - (8 + -4)) + -4?
-13
What is 0 + (-7 - (-2 - -2)) + 7 + 28?
28
-8 + 0 + 103 + -77
18
What is -2 - (14 - (-6 + (14 - 1)) - -5)?
-14
(0 + 1 - (-15 - -23)) + (25 - 1)
17
Calculate 4 + -2 + (4 - 25).
-19
Calculate (-6 - 8) + 19 + -3 + -2.
0
Calculate 37 + -77 + 46 - (0 + -18).
24
Evaluate (0 - -13) + (4 - -1) + -6.
12
What is 3 + -4 + -11 + 24?
12
What is the value of 4 + (-2 - 7) + 9 + -5 - 19?
-20
Evaluate 0 - -14 - (-170 + 182).
2
Calculate 7 - ((47 - 3) + -20).
-17
What is the value of (-8 - 1) + 50 + -62 - 20?
-41
What is -13 - (8 + 1) - -13 - 2?
-11
What is the value of (-11 - -14 - -6) + -13 + -1?
-5
Calculate 10 + 1 + 1 + (31 - 40).
3
What is 0 + -5 - (-57 + 23 - (-14 - -9))?
24
38 + (-101 - -43) + -5
-25
Evaluate -18 + -12 + (56 - -4).
30
What is 8 + (-2 + 3 - (-6 + 22))?
-7
Calculate -12 + 6 + (-4 - -14).
4
Calculate (-7 - -15) + -5 + -6 - -11.
8
What is the value of 1 - -1 - ((-14 - -5 - -3) + 11)?
-3
-6 + -5 + 10 + -4 + 1 + 0
-4
Evaluate 11 + -15 + -2 - (-1 + -6) - 5.
-4
What is the value of 0 + -18 - (4 + 5 + -5 + -7)?
-15
What is -17 + 6 + (12 - (1 - (-4 + -4)))?
-8
Evaluate 191 + -156 - (28 - -9).
-2
Calculate 0 - (17 + -16 + 2).
-3
What is -7 + (-4 + -2 - (-16 - -3)) - -21?
21
13 + (1 + -4 + -32 + 35 - 7)
6
Evaluate 8 - ((-8 - (-7 - -12)) + 15).
6
Evaluate -20 - (51 - (26 - 10)) - -20.
-35
What is 4 + -5 + 7 - (24 + -11) - 2?
-9
Calculate 9 + 17 + -7 + -24.
-5
Calculate (-2 - (-2 - (-6 - -2 - -2))) + 4.
2
Calculate -3 - (-1 - -6) - -15.
7
What is the value of (-6 - -17) + -10 + -5?
-4
-9 - -18 - 2 - 2
5
What is (30 - 61 - -32) + (1 - (1 - -1))?
0
(6 - 6) + (2 - 7 - -8 - -20)
23
Evaluate 26 - 11 - 2 - 28.
-15
What is the value of ((-3 - -10) + -3 - 11) + 18?
11
Calculate (-199 - -185) + (-12 - (-2 - -4)).
-28
101 - 95 - ((8 - 2) + -2)
2
What is the value of -246 + 223 + -2 + 9?
-16
Calculate 10 - 13 - 26 - -27.
-2
What is the value of 2 - 0 - (79 + -84) - 2?
5
Calculate -22 - ((-21 - -14) + -2).
-13
What is 5 - (2 + -2 + -1 - (29 - 34))?
1
What is the value of 7 - (12 + 25 + (-10 - 6))?
-14
What is the value of (15 - 17 - 1) + (6 - (3 + 0))?
0
4 + (6 - -7) + -19
-2
(-5 - (2 - (-1 + 6))) + (-43 - -37)
-8
Evaluate 4 + (5 - (-21 - -19) - (8 + 0)).
3
What is the value of 1 + -17 + -47 + 65 + 13?
15
What is -51 - -38 - (0 + 1) - 15?
-29
What is -4 + 5 - (-8 - -4 - -6 - -2)?
-3
-5 + (7 + (-4 - -3) - (12 - 5))
-6
-4 + (-12 + 4 - -3) + 5 + -1
-5
Calculate (-18 - -10 - -5) + 10.
7
(3 - (32 + -26 - (-3 + 0))) + -6
-12
Calculate -5 - (2 - (2 + -2 - (4 - 12))).
1
Calculate -17 - -1 - (411 - 424).
-3
0 + 2 - ((18 - 11) + 2 + -2)
-5
Evaluate 27 - 46 - (6 - 18).
-7
What is (-3 - (6 - (34 - 6))) + -9?
10
Evaluate -80 + 68 - (4 - (3 + 21)).
8
What is 15 + (2 + -9 - (-6 - 0)) + 2?
16
What is the value of -14 - -4 - (4 - 11)?
-3
What is 7 - 43 - (-39 - -16 - -14)?
-27
Evaluate (3 - (-4 - 0)) + (-220 - -228).
15
Evaluate 0 - -4 - (-1 + (-18 + 6 - 0)).
17
Evaluate 13 + (-18 - (-10 - -8)).
-3
Evaluate 27 - (0 + 10) - 17.
0
12 + (2 - (2 + 8)) + (-1 - -4)
7
Calculate (-2 - (16 + -14)) + 2 + 1.
-1
Evaluate 2 + (-1 + -3 - -12).
10
Evaluate 3 + -2 + (18 - 27) + -18 + -2.
-28
What is (1 - 1) + (-63 - (-60 + 8))?
-11
What is -18 + 0 + 41 + -12?
11
Calculate -15 + -1 + -259 + 290.
15
What is (-2 - -11) + (-21 + 15 - (4 - 1))?
0
Evaluate -21 + 9 - -11 - 0 - -4.
3
Calculate -1 + -3 - (377 + -377).
-4
21 + -25 - ((-10 - -22) + -21)
5
Calculate 5 + (-6 - -5 - -5) + -6 + -2.
1
Evaluate (15 - (9 - (-4 + 6))) + 1 + 3.
12
Calculate 5 - (-1 + (2 - (11 + -6))).
9
Evaluate 9 + 9 + 1 + -8.
11
Evaluate -9 + (0 - 1) - ((21 - -7) + -35).
-3
Evaluate 11 - 13 - 14 - -17.
1
What is (-6 - 1) + 2 - (-55 + 15 + 44)?
-9
Evaluate -11 + 17 + -7 + -10.
-11
What is the value of 13 + 12 + -28 + -8?
-11
What is the value of (-1 - -47) + 5 + -25 + -1 + -7?
18
-12 - ((-130 - -128) + (-3 - 1 - -2))
-8
What is 17 + 1 + 8 + -34?
-8
Evaluate (-28 - -47 - -5) + (3 - 2).
25
Evaluate -8 + (-3 - -1) - -20 - (-1 - 1).
12
What is ((0 - -6) + -5 - -5) + 54 + -69?
-9
Calculate 0 + (1 - 2) - (706 - 707).
0
Calculate (-10 - (5 + -5)) + -7 + 5.
-12
What is (6 + 5 - 30) + 2 - (-2 + -2)?
-13
What is the value of (57 - 105) + -37 + 116?
31
What is the value of -11 + 18 + -6 + (-1 - -13)?
13
What is -10 - (7 + (-4 - 0 - (-23 - -23)))?
-13
What is the value of 14 - 6 - (4 + 7)?
-3
(-9 - -3) + 6 + 14
14
-2 + 5 + -5 + -4 - (-18 + 13)
-1
Calculate 1 + (6 - (10 - -11)) + 24.
10
Calculate (-19 - -1) + (-4 + (21 - 8) - 5).
-14
-7 + 9 + (-1 - -1) + 14 + -9
7
Evaluate -2 - (3 + 8) - (-152 - -156).
-17
What is (-30 - -22) + (6 + -1 - 2)?
-5
What is the value of 2 + 1 + (21 - 2)?
22
What is the value of -40 + 36 - (8 + -8 + -2 + 2)?
-4
What is 3 - (1 + 1 - (133 - 136))?
-2
Calculate 14 - (-6 + 0) - 8.
12
-2 + -6 + 2 + (-2 - -7)
-1
Evaluate 3 - (9 + (-47 - -23)).
18
What is the value of (-46 - -42) + (-2 - -11)?
5
Calculate -14 + 2 + 6 + (3 + 0 - 9).
-12
Evaluate 609 + -618 + (1 + -2 - 0).
-10
Evaluate 34 + -5 - 8 - (6 + (6 - 6)).
15
What is the value of (-74 - -34) + 6 + 54?
20
-6 + 6 + -3 + -3 + -7 + 3
-10
What is (44 - 8) + -59 - (1 - -10)?
-34
(-8 + -1 + -1 - -15) + (-9 - 2)
-6
What is the value of (-38 - (46 - 70)) + 33?
19
Evaluate (-12 - -24) + -28 + 5.
-11
Evaluate -3 + 8 + (-18 - -7) + 7.
1
Calculate (39 + -15 - 40) + 1.
-15
What is 6 - 3 - (-9 + 11)?
1
-16 - (-4 + -6) - (0 - (4 - -5))
3
What is the value of (-25 - 1) + 26 + -17?
-17
What is the value of 34 - (-19 + (22 - -17))?
14
Evaluate -5 + (10 - ((-3 - -31) + -11)) + 2.
-10
What is 4 + (6 - -12 - 17)?
5
What is the value of 7 - -4 - (5 + 4) - 5?
-3
8 + -15 + (-3 - -12) + 5
7
12 - (32 + -10 + 5)
-15
What is the value of -29 + 4 + (15 - ((9 - 6) + 3))?
-16
Evaluate 8 - (25 - 49) - 15.
17
Calculate ((40 - 10) + 7 - -2 - 6) + -5.
28
14 + -51 + 59 + 1 + -17
6
-14 + (4 + -17 + 13 - (0 + -1))
-13
Evaluate 10 + -11 + 12 + -4 + 0 + -3.
4
-1 - ((1 - (19 - 4)) + 6)
7
What is (-10 - (-1 + 2)) + (-8 - 9) + 22?
-6
Calculate 34 + -21 - 13 - -13.
13
What is -10 - (-23 + 13 + -15 - 3)?
18
Calculate -125 - -108 - (-7 + -1) - 7.
-16
21 + (17 - 8) + 10 + (-6 - 0)
34
3171 + -3105 + (0 - 33)
33
Calculate 2 + -11 - (-35 + 22).
4
9 - (-22 + (6 - 10))
35
What is the value of 74 - (32 - (22 - 27))?
37
Evaluate (0 - -1) + (1 + -7 - (-38 + 43)).
-10
21 + (-75 - -30) - (6 + 3)
-33
Evaluate -7 - -21 - (-31 - -43).
2
Evaluate 4 - (-10 - -22) - -7.
-1
Evaluate -2 - -1 - ((-2 - 10) + 11 - 0).
0
What is the value of 8 - (-5 - (-9 - (-17 + 12 + -6)))?
15
What is 0 + 1 - (5 - (6 - (-4 + 2)))?
4
(4 - (-4 - (-7 - -13))) + -5
9
Evaluate -22 + 20 + (13 - 15 - (-1 + 7)).
-10
Evaluate (2 + -7 - -9) + 7 + -3 + -16.
-8
Calculate (-7 - 24) + -25 + 75.
19
What is the value of 8 + -6 + (2 - 4) - (-4 + -8)?
12
-3 - (14 - 16 - -5)
-6
28 - (-11 + 82 + -23)
-20
Evaluate -8 - (-10 + 4 + -1 + -5 - -8).
-4
7 + (-6 - (15 + 2)) + 1
-15
What is the value of 10 + (-3 - 12) - 6?
-11
Evaluate (12 - (14 - 14)) + 1.
13
What is the value of -15 + 10 + 3 + 19 + (-2 - -10)?
25
1 + -7 + (4 - -7) - 0
5
Evaluate (20 - 3) + (29 - -1 - 75).
-28
Evaluate (16 - 8) + -10 - 3.
-5
What is the value of -13 - (-10 + (15 - 13))?
-5
What is the value of (-35 - -23) + (2 - 3)?
-13
What is the value of (3 - 6 - (-1 - (12 + -7))) + -6?
-3
Calculate 2 - (-1 + 0 + 4 + -9 - -1).
7
Calculate (-9 - -9 - (1 + -3)) + 3 + 3.
8
What is 41 - 69 - ((-5 - 1) + -10)?
-12
Evaluate 11 + -5 + 29 + -16.
19
Calculate -5 + (2 + 16 - -2).
15
Calculate 5 - (15 + (-8 - -2 - (0 + -7))).
-11
What is the value of 1 + 0 - -24 - ((-143 - -63) + 79)?
26
Calculate -18 + -2 + (-338 - -357).
-1
Evaluate (-16 - -17) + -1 + 0 + 6 + -2.
4
What is the value of -103 + 94 + (0 - -1) + 10?
2
19 - (31 + -13 + 2)
-1
Evaluate (17 + -10 - -3) + -17.
-7
What is -10 + 6 - (-3 - 6)?
5
Evaluate -2 + 3 + (-13 - (3 + -16)).
1
Calculate (27 - 30) + (-14 - -17) + (1 - 4).
-3
What is -12 + 11 + -1 + 9?
7
Evaluate -50 + 1 + 14 + 15.
-20
Evaluate 2 + -4 - 5 - (-39 + 3 + 6).
23
(30 - 3) + 0 + -5 + -13 + 11
20
What is -25 - 2 - (-31 - -11)?
-7
What is -20 - -11 - (2 + 13 + -1) - -5?
-18
What is -21 + 2 + (-102 - -111)?
-10
What is 14 - (27 - 13) - 15?
-15
What is (653 - 632) + -34 + -1?
-14
Calculate -7 - 3 